23 = -2*p - u, 0 = -p + 5*u - 11. Suppose -3*c + p*c = -6. Let f(g) = g + 2. Calculate f(c).
-4
Suppose 4*d + 23 = 3*r + 8, 5*r - 2 = -d. Let u(k) = 0 - 1 - 20*k**2 + 23*k**2 + 2*k. Calculate u(r).
4
Let w(p) be the second derivative of -p**5/20 + p**4/4 - p**3/6 - 2*p**2 - 7*p. Determine w(3).
-7
Let j = 0 + 5. Let l(u) = -u**2 + 1. Let g(c) = 3*c**2 - 6*c - 6. Let v(p) = g(p) + 2*l(p). Calculate v(j).
-9
Let s(w) be the third derivative of -w**7/2520 + w**6/180 - w**5/20 + 5*w**4/24 + 6*w**2. Let u(y) be the second derivative of s(y). Give u(4).
-6
Let p(v) = -2*v - 5. Let a(l) = -2*l - 6. Let n(r) = -3*a(r) + 4*p(r). Suppose -3 = -3*m - 0*m. Let u(h) = -h - 1. Let d(o) = m*n(o) - 4*u(o). Give d(2).
6
Let z(y) be the first derivative of 5 - y + 1/2*y**2. Let f = 0 + 0. What is z(f)?
-1
Let m(x) = -2*x. Let o be m(1). Let i be 6/(-21) - (-6)/21. Let w(j) = -2 - 6*j - j + j + i*j. Give w(o).
10
Let b(u) = 8*u**3 + 2*u**2 + 2*u + 1. Let z be (-5)/25 + (-1)/(-5). Suppose -3*k + 3 - 6 = z. Determine b(k).
-7
Let f(m) be the first derivative of -3*m + 1/2*m**2 - 1/4*m**4 - 2 + 5/3*m**3. Give f(5).
2
Suppose 3*l - 2 = 19. Suppose -3 - l = -2*b + 3*s, 10 = -5*s. Let f(a) = 3 - 3*a**b + 4*a**2 - 3*a - a**2 - 2*a**2. What is f(-3)?
-6
Let n(y) = y - 9. Let m be n(4). Suppose 3*a - 5*d - 14 = 0, 2 = -a + 5*d + 10. Let c(s) = 0*s - a - 2*s + s - 6. What is c(m)?
-4
Let v = -4 - -6. Suppose -v*q - q + 6 = 0. Let k(l) = 4 + 0*l**2 - 5*l - q*l**2 + 3*l**2. Calculate k(3).
-2
Suppose -a = 2*a - y - 9, 3*y = 4*a - 7. Let v(r) = -2 - 2*r + 3*r - 1 + 0*r. Give v(a).
1
Let j = 1 + 2. Suppose -4*q = -5*l - 14, -4*l + 26 = j*q - 0*l. Let a(h) = h**2 - 8*h + 6. Determine a(q).
-6
Let c(v) = 1 + 5*v + 0*v**3 + 2*v - 5*v**2 - v**3. Let g be (-2)/(-10) - (54/(-30) + 8). Determine c(g).
-5
Let l(p) = 2*p**2 + 4*p + 2. Let s = 1 - 3. Let b = -4 - s. What is l(b)?
2
Let p(h) = -h**3 - 6*h**2 - 4*h - 1. Let o = -4 + 6. Let t be ((-30)/o)/3 - 0. Give p(t).
-6
Suppose -3*z - 4*w - 13 = 0, -2*w + 10 = 3*w. Let r(n) = -n - 15. What is r(z)?
-8
Suppose 2*t + 2*t = 8. Let s be (t - 3)/(2 + -3). Let b(r) = 5*r - 1. Give b(s).
4
Let d(q) = 2*q - 3. Suppose 6*t = 2*t + 60. Suppose -5*u - j = -6*j, 4*u + t = -j. Give d(u).
-9
Let o(f) = -2 + f + 2*f - 3 + 6. Give o(1).
4
Let c(j) = j**2 - j. Let g(u) = -2*u**2 + u + 3. Let q(t) = -4*c(t) - g(t). Suppose 0 + 5 = h. Suppose h*i - i = 8. Determine q(i).
-5
Let i(t) = 4*t + 14. Let m(g) = -g - 5. Let n(k) = 4*i(k) + 11*m(k). Determine n(-1).
-4
Let t(i) be the first derivative of 3 + 5/2*i**2 - 1/3*i**3 - 6*i. Let f(h) = -h**2 + 7*h - 2. Let g be f(6). Give t(g).
-2
Let h(u) = u**3 + u - 1. Let z = 24 + -16. Suppose 2*q - 14 = -3*p, -4*p + 20 = z*q - 4*q. Determine h(q).
1
Let s be ((-4)/8)/((-3)/18). Let t(n) = -4*n**2 + s*n**3 - 9*n**3 + n**3 + 4*n**3. Suppose 0 = -c - 0 - 3. What is t(c)?
-9
Let p(l) = l**2 - 2*l - 2. Suppose 3*j + 3*s = -18, -4*j + 0*s - 12 = s. Determine p(j).
6
Let a be 2/4 + (-1)/2. Suppose a + 10 = 5*p. Let n(d) = -1 + p*d + 0*d + 2*d**2 - 2*d. What is n(-1)?
1
Let j(o) = o + 3. Let x(q) = q + 2. Let p(z) = -3*j(z) + 5*x(z). Let u = -8 + 16. Suppose 0*g + 4*g - u = 0. Give p(g).
5
Suppose 0*c - 3*c = 0. Suppose c = -r - 0 + 5. Let v be (r/2)/(1/2). Let k(f) = f**3 - 6*f**2 + 5*f + 3. Determine k(v).
3
Let h = -5 - -1. Let o(u) = 5*u + 2. Let i(v) = -v + 1. Let t(m) = m**2 - 5*m - 3. Let d be t(6). Let w(s) = d*i(s) + o(s). Give w(h).
-3
Let b(f) = f**3 + f**2 - 2*f - 3. Let y be -3 - -4 - (-1)/((-1)/3). Give b(y).
-3
Let o(v) = 4*v**3 + v. Suppose -4*l = 2*k - 5*k + 17, 0 = 5*k - 15. Let x = l + 5. Let f = 4 - x. What is o(f)?
5
Suppose 2*s + a = 5, -4*a - 4 = s - 10. Let h(t) = -5 + 4 + 0 - 2 - s*t. Determine h(3).
-9
Let z be 2/(-3) - (-6)/9. Let i(g) = g**3 + g**2 - 2. What is i(z)?
-2
Let v(b) be the second derivative of b**4/12 - b**3/6 + b**2 + 2*b. Let r(t) be the first derivative of v(t). What is r(3)?
5
Let y be (-1 + 0)/((-1)/4). Let q = -1 + 1. Let h be y + q - (0 - -1). Let z(c) = 2*c**2 - 2*c - 4. Determine z(h).
8
Let f(s) = -8*s**2 - 1 + 4*s + s**3 + 5*s + 4*s - 4*s. Determine f(7).
13
Let n(d) be the third derivative of -d**6/120 - d**5/10 - 5*d**4/24 - d**3/3 - d**2. Suppose -4*w = -20, 4*w + 0*w = 4*p + 40. Give n(p).
-2
Let p be (-2)/7 + 800/56. Let h(j) = j - 4*j**2 + p*j**2 - 6*j**2 - 10*j**2. Determine h(-1).
-7
Suppose 8*o = 3*o - 20. Let m = 0 - -2. Let q(x) = -5*x**3 + 4*x + 3 + 5*x**2 + 4*x**3 + m*x**3. Calculate q(o).
3
Let h(s) = s**3 + 5*s**2 - 5*s + 2. Let g = -12 + 11. Let z = g - 5. Calculate h(z).
-4
Let o(c) = -6*c**2 - 1 + 4*c**2 - 3*c**2 + c + 0*c**2. Suppose 2 = -r + 3. What is o(r)?
-5
Suppose 2*k - 6 = 3*k. Let p(c) = -5*c**3 - 2*c**2 - c - 7. Let w(a) = 4*a**3 + 3*a**2 + a + 7. Let q(h) = 3*p(h) + 4*w(h). Calculate q(k).
1
Let z(g) = -g**2 - 4*g + 3. Let x(c) = 6*c**3 + c. Let q be x(1). Suppose 2*h = q*h - 20. Suppose -3*t - 5*p = -0*t - 8, 28 = -3*t + h*p. What is z(t)?
3
Let g(j) be the first derivative of 2*j**3/3 - j**2/2 + j - 1. Suppose -9*p = -4*p. Suppose p*b - 2 = -2*b. Determine g(b).
2
Let c(t) be the third derivative of 0 + 4*t**2 + 1/2*t**3 + 5/24*t**4 + 0*t. What is c(-2)?
-7
Let b(w) = -w**2 + 8*w - 9. Let a be b(6). Let z be (a + (2 - 3))*1. Let k(n) = 0 + n + 3 + 1 - z*n. Give k(6).
-2
Let r(v) = v + 4. Let n(x) = -x**2 + 9*x - 2. Let m be n(8). Give r(m).
10
Suppose -3*w - 5*m - 3 = 0, w + 1 = -0*w - m. Let g(n) = -8*n**2 + 1. Determine g(w).
-7
Suppose -4*i = -2*s - 56, -5*s + 1 = 4*i + 211. Let r be (-6)/14 - s/7. Let t(n) be the third derivative of n**4/24 + n**2. Calculate t(r).
5
Let h be (-4)/((-24)/(-9))*(-30)/9. Let k(v) = -v**2 - 5*v - 9. Let r(m) = 4*m**2 + 16*m + 28. Let a(l) = -7*k(l) - 2*r(l). Calculate a(h).
-3
Let s = 0 - -2. Let m(a) = a**2 + 2*a - 4. Let q(l) = -2*l**2 - 2*l + 6. Let t(c) = -4*m(c) - 3*q(c). What is t(s)?
2
Let a(w) = 7*w**2 - 15*w + 7. Let t(d) = -2*d + 15. Let o be t(10). Let r(f) = -10*f**2 + 22*f - 10. Let y(q) = o*r(q) - 7*a(q). Determine y(5).
1
Let f(z) be the first derivative of z**4/4 + 4*z**3/3 - 7*z**2/2 + 9. What is f(-5)?
10
Let t(q) be the second derivative of -q**4/12 + q**3/6 - q**2/2 - 36*q. Determine t(1).
-1
Let u(j) be the second derivative of j**3/6 - j**2/2 + 18*j. What is u(-1)?
-2
Let z(b) be the first derivative of b**4/2 + 4*b**3/3 + 3*b**2/2 + b - 7. Determine z(-2).
-5
Let c(d) = 2*d + 7. Suppose 8*a - 50 = 3*a. Let r(j) = -j - 3. Let p(t) = a*r(t) + 4*c(t). Suppose z + 5*q + 15 = 0, 3*z + 29 = -5*q + 4. Give p(z).
8
Let d(u) = -u**3 + 6. Let x be (-3 - -15)*(-2)/(-6). Suppose -5*p = -2*k + 2 - 14, 0 = -4*p + x*k. Suppose p*h = -h. Give d(h).
6
Let p be ((-14)/(-4))/((-2)/(-4)). Suppose p - 3 = -s. Let o(w) = -2*w - 5. What is o(s)?
3
Suppose 0*h + 2 = -h. Let o be h - (-3 - -2 - 5). Let f = 6 - o. Let u(l) = -l**3 + l**2. Give u(f).
-4
Let v(z) = 0*z - z + 2*z - 11. Determine v(5).
-6
Let f(b) be the third derivative of b**5/120 + b**4/4 - b**3/3 - b**2. Let s(q) be the first derivative of f(q). Let n = -35 - -35. Determine s(n).
6
Let r be ((-26)/(-10))/(-1) + (-4)/10. Let i(l) = -l**3 - 4*l**2 - 2*l + 2. Determine i(r).
-1
Let n(c) = -6*c + c**2 + 1 + 8*c**2 - c**3 - 4*c**2. What is n(4)?
-7
Let h(l) be the second derivative of l**4/24 + l**3/6 + l**2/2 - 3*l. Let d(m) be the first derivative of h(m). Let p = 3 - -2. Calculate d(p).
6
Let b(n) = 5*n**3 + 2*n**2 + n. Let o(w) = 2*w**3 + 3*w**2 + w - 2. Let u be o(-2). Let x = 15 + u. Suppose 2*d + d = -s + 5, s + 4*d - x = 0. Determine b(s).
-4
Let m(v) = -8 + 0*v + 7 - 3*v + 2. Calculate m(-3).
10
Let a = -1 + 1. Suppose 5 = -g - 0, a = t - g. Let h(p) = -p + 3 + 1 - 3 - 4. Calculate h(t).
2
Let r(u) = 5*u + 6. Let j(f) = f + 1. Let y(a) = -2*j(a) + r(a). Calculate y(-4).
-8
Let y(z) = -4*z + 5. Let j(i) = -20*i + 24. Let b(w) = 2*j(w) - 11*y(w). Give b(5).
13
Let r(i) = i**3 - 6*i**2 + 5*i - 2. Let u = 19 + -14. Determine r(u).
-2
Let v(y) = 6*y**3 - 1. Let u(p) = p**2 - 3. Let l be u(-3). Suppose 0 = 3*m - 3*x + x + 5, -3*m = -3*x + l. Give v(m).
-7
Let g(h) = h**3 - h**2 + 3*h + 1. Let w(m) = -m**3 + 2*m**2 - 4*m - 2. Let y(q) = 6*g(q) + 5*w(q). Determine y(-3).
11
Let y = 3 - 6. Let j(k) = -5*k**2 - k. Let m(c) = 4*c**2. Let i(u)